{"id":77,"date":"2023-05-20T15:56:30","date_gmt":"2023-05-20T13:56:30","guid":{"rendered":"https:\/\/h-town.de\/?page_id=77"},"modified":"2023-05-20T16:05:50","modified_gmt":"2023-05-20T14:05:50","slug":"historie","status":"publish","type":"page","link":"https:\/\/h-town.de\/?page_id=77","title":{"rendered":"Historie"},"content":{"rendered":"\n<figure class=\"wp-block-table\"><table style=\"border-style:none;border-width:0px\"><tbody><tr><td class=\"has-text-align-center\" data-align=\"center\">Die Geschichte des Ortsteiles Hosena ist eng mit der Geschichte der Lausitz verbunden.<br>Landschaft und Umwelt haben sich durch den Bergbau in den letzten Jahren gravierend ver\u00e4ndert.<br>In der Fr\u00fchgeschichte geh\u00f6rte Hosena zum sorbischen Gau Milska und als Vorwerk zur Standesherrschaft Hoyerswerda mit einer Sch\u00e4ferei und drei Erbpachtm\u00fchlen.<br>Erz\u00e4hlungen und Sagen berichten von der hiesigen sumpfigen, trockenen und h\u00fcgeligen Heidelandschaft, so auch von der Wendenschlacht im Jahr 923.<br>Die bewegte Geschichte von Hosena ist in der 240 seitigen Chronik nachzulesen, die im M\u00e4rz 2020 anl\u00e4sslich der 620 Jahrfeier in den Handel gekommen ist.<br>Hier ein kurzer Auszug aus der Chronik:<\/td><\/tr><\/tbody><\/table><\/figure>\n\n\n\n<figure class=\"wp-block-table\"><table><tbody><tr><td>1401<\/td><td>erste urkundliche Erw\u00e4hnung als altslawisch gozd oder hozd f\u00fcr trockener Wald oder wendisch als Waldort H\u00f3znja, Hozne oder Hosna. Ab 1687 auch nur Hosen.<\/td><\/tr><tr><td>1575<\/td><td>68 Menschen leben im Vorwerk der Standesherrschaft Hoyerswerda<\/td><\/tr><tr><td>1691<\/td><td>Abbrand des Dorfes<\/td><\/tr><tr><td>1873<\/td><td>Einweihung des Bahnhofes &#8222;Hohenbocka&#8220; auf dem Territorium von Hosena mit der Eisenbahnstrecke Ruhland-Hoyerswerda<\/td><\/tr><tr><td>1874<\/td><td>Erste F\u00f6rderung des weltbekannten Kristall-Quarzsandes als Grundstoff f\u00fcr die Glasherstellung<\/td><\/tr><tr><td>1896<\/td><td>Gr\u00fcndung der Freiwilligen Feuerwehr Hosena<\/td><\/tr><tr><td>1897<\/td><td>Grundsteinlegung zum Bau der Schule<\/td><\/tr><tr><td>1899<\/td><td>Gr\u00fcndung des Wasserclubs Hosena<\/td><\/tr><tr><td>1913<\/td><td>Einweihung der Dorfkirche<\/td><\/tr><tr><td>1921<\/td><td>Einweihung des Sportplatzes<\/td><\/tr><tr><td>1966<\/td><td>Entstehung des Naherholungszentrums &#8222;An der Koboldm\u00fchle&#8220;<\/td><\/tr><tr><td>1980<\/td><td>Einweihung des Schulkombinates<\/td><\/tr><tr><td>1995<\/td><td>Gr\u00fcndung des Sportvereins &#8222;Blau Gelb Hosena 1899 e.V.&#8220;<\/td><\/tr><tr><td>1999<\/td><td>Einweihung der Schulsport- und Freizeithalle<\/td><\/tr><tr><td>1999<\/td><td>Gr\u00fcndung des Dorfclubs &#8222;Germania Hosena e.V.&#8220;<\/td><\/tr><tr><td>2000<\/td><td>Der Bahnhof erh\u00e4lt nach 127 Jahren seinen korrekten Namen &#8222;Bahnhof Hosena&#8220;<\/td><\/tr><tr><td>2002<\/td><td>Die Gemeinde Hosena wird nach B\u00fcrgerentscheid im Rahmen der Gemeindegebietsreform Ortsteil der Stadt Senftenberg<br>&nbsp;<\/td><\/tr><tr><td>2004<\/td><td>10.09.2004 Einweihung der neuen Kindertagesst\u00e4tte.<\/td><\/tr><tr><td>2009<\/td><td>Am 03.05.2009 wird das Sportlerheim auf dem Sportplatz ein Raub der Flammen.<br>Als Ursache wird Brandstiftung ermittelt. T\u00e4ter unbekannt.<\/td><\/tr><tr><td>2009<\/td><td>Im Dezember 2009 wird das neue Schulgeb\u00e4ude mit Hort, Fachkabinett und Schulk\u00fcche mit Speiseraum \u00fcbergeben.<\/td><\/tr><tr><td>2014<\/td><td>Mit der Fertigstellung des neuen Kunstrasenplatzes wird am Wochenende des 23.08.2014 das Projekt &#8222;Schaffung eines Ortsteilzentrums im Ortsteil Hosena&#8220; komplett abgeschlossen<\/td><\/tr><tr><td>2016<\/td><td>Am 12.05.2016 tagt zum ersten Mal das Festkomitee zur Vorbereitung der 600 Jahrfeier.<br>Diese sollte am Wochenende 19. bis 21.06.2020 stattfinden, musste aber wegen der Corona-Krise verschoben werden.<br>Als neuer Termin wird das Festwochenende vom 18.06 bis 20.062021 festgelegt und nun auch historisch korrekt als 620 Jahrfeier begangen.&nbsp;<\/td><\/tr><tr><td>2019<\/td><td>Im April wird das Wappen von Hosena in die Wappenrolle vom Deutschen Herold eingetragen und darf ab sofort auf privatrechtlicher Grundlage nach Genehmigung von kommunalen Einrichtungen und Vereinen verwendet werden.<\/td><\/tr><\/tbody><\/table><\/figure>\n\n\n\n<figure class=\"wp-block-table\"><table style=\"border-style:none;border-width:0px\"><tbody><tr><td class=\"has-text-align-center\" data-align=\"center\">Das Landschaftsbild um Hosena pr\u00e4gen Seen, Teiche sowie das Gr\u00fcn von W\u00e4ldern und Wiesen.<br>Es ist eine Gegend zum Wandern, Radfahren, Angeln, Baden und Camping machen.<\/td><\/tr><\/tbody><\/table><\/figure>\n\n\n\n<figure class=\"wp-block-image aligncenter size-large is-resized has-custom-border is-style-default\"><img loading=\"lazy\" decoding=\"async\" src=\"https:\/\/h-town.de\/wp-content\/uploads\/2023\/05\/pexels-engin-akyurt-2952871-1024x683.jpg\" alt=\"Pexels.com\/Engin Akyurt\" class=\"wp-image-81\" style=\"border-radius:20px\" width=\"512\" height=\"342\" title=\"Pexels.com\/Engin Akyurt\" srcset=\"https:\/\/h-town.de\/wp-content\/uploads\/2023\/05\/pexels-engin-akyurt-2952871-1024x683.jpg 1024w, https:\/\/h-town.de\/wp-content\/uploads\/2023\/05\/pexels-engin-akyurt-2952871-300x200.jpg 300w, https:\/\/h-town.de\/wp-content\/uploads\/2023\/05\/pexels-engin-akyurt-2952871-768x512.jpg 768w, https:\/\/h-town.de\/wp-content\/uploads\/2023\/05\/pexels-engin-akyurt-2952871-1536x1025.jpg 1536w, https:\/\/h-town.de\/wp-content\/uploads\/2023\/05\/pexels-engin-akyurt-2952871-2048x1366.jpg 2048w, https:\/\/h-town.de\/wp-content\/uploads\/2023\/05\/pexels-engin-akyurt-2952871-1499x1000.jpg 1499w\" sizes=\"auto, (max-width: 512px) 100vw, 512px\" \/><\/figure>\n","protected":false},"excerpt":{"rendered":"<p>Die Geschichte des Ortsteiles Hosena ist eng mit der Geschichte der Lausitz verbunden.Landschaft und Umwelt haben sich durch den Bergbau in den letzten [&hellip;]<\/p>\n","protected":false},"author":1,"featured_media":0,"parent":0,"menu_order":0,"comment_status":"closed","ping_status":"closed","template":"","meta":{"_eb_attr":"","footnotes":""},"class_list":["post-77","page","type-page","status-publish","hentry"],"jetpack_sharing_enabled":true,"_links":{"self":[{"href":"https:\/\/h-town.de\/index.php?rest_route=\/wp\/v2\/pages\/77","targetHints":{"allow":["GET"]}}],"collection":[{"href":"https:\/\/h-town.de\/index.php?rest_route=\/wp\/v2\/pages"}],"about":[{"href":"https:\/\/h-town.de\/index.php?rest_route=\/wp\/v2\/types\/page"}],"author":[{"embeddable":true,"href":"https:\/\/h-town.de\/index.php?rest_route=\/wp\/v2\/users\/1"}],"replies":[{"embeddable":true,"href":"https:\/\/h-town.de\/index.php?rest_route=%2Fwp%2Fv2%2Fcomments&post=77"}],"version-history":[{"count":6,"href":"https:\/\/h-town.de\/index.php?rest_route=\/wp\/v2\/pages\/77\/revisions"}],"predecessor-version":[{"id":85,"href":"https:\/\/h-town.de\/index.php?rest_route=\/wp\/v2\/pages\/77\/revisions\/85"}],"wp:attachment":[{"href":"https:\/\/h-town.de\/index.php?rest_route=%2Fwp%2Fv2%2Fmedia&parent=77"}],"curies":[{"name":"wp","href":"https:\/\/api.w.org\/{rel}","templated":true}]}}